culate n(2).
164
Let n(d) = -16*d + 1. Determine n(1).
-15
Let f(o) = -o**3 - 13*o**2 - 3*o - 11. Give f(-13).
28
Let t(a) = -4*a**2 - 7*a - 5. Determine t(-1).
-2
Let i(r) = 3*r + 8. Give i(13).
47
Let u(r) = r**3 + 8*r**2 + 4*r - 2. Calculate u(-7).
19
Let o(l) = -l**2 + 10. Determine o(-5).
-15
Let x(k) = -2*k**2 - k + 3. What is x(4)?
-33
Let n(l) = -l**2 + 16*l - 24. Determine n(6).
36
Let m(k) = -k**3 - 9*k**2 + 25*k + 32. Give m(-12).
164
Let g(l) = -l**2 - 10*l - 4. Determine g(-13).
-43
Let a(o) = 3*o - 6. Give a(6).
12
Let a(m) = -m**3 + 15*m**2 + 17*m - 1. Calculate a(16).
15
Let s(v) = -v**3 + 2*v**2 + 3*v - 3. Give s(3).
-3
Let o(v) = v**2 - 6*v - 2. What is o(5)?
-7
Let q(s) = s - 28. What is q(29)?
1
Let q(b) = b**3 - 6*b**2 + 10*b - 4. Give q(4).
4
Let p(l) = -2*l**2 - 6*l - 8. Determine p(6).
-116
Let h(l) = -l**2 - 4*l + 3. Calculate h(-5).
-2
Let p(d) = 4*d - 37. What is p(10)?
3
Let c(t) = 5*t**3 + 6*t**2 - 3*t - 10. What is c(-2)?
-20
Let b(p) = p**3 + 17*p**2 + 44*p - 98. Give b(-13).
6
Let y(g) = 2*g + 31. Calculate y(0).
31
Let a(v) = 2*v**2 - 17*v + 57. Give a(11).
112
Let c(g) = g**3 - g**2 - 5*g - 5. Calculate c(0).
-5
Let c(s) = -10*s**3 + 3*s**2 + 4*s + 2. Give c(-1).
11
Let u(y) = -28*y - 477. Determine u(-17).
-1
Let w(t) = 15*t - 51. Calculate w(7).
54
Let f(w) = -59*w**2 + 5*w - 4. What is f(1)?
-58
Let g(f) = f**3 + f**2 - 3*f - 2. Determine g(-3).
-11
Let b(c) = c**3 + 11*c**2 - 2*c - 26. Determine b(-11).
-4
Let y(w) = 14*w - 70. Determine y(9).
56
Let o(l) = l**2 + 7*l - 11. Calculate o(-8).
-3
Let v(i) = -4*i**3 - 3*i**2 - i - 2. Determine v(-2).
20
Let o(v) = -20*v - 1234. What is o(-62)?
6
Let d(t) = -t**3 - 17*t**2 + 3*t + 13. What is d(-17)?
-38
Let x(c) = 122*c**3 + c**2 + 2*c + 2. Give x(-1).
-121
Let b(h) = -8*h**2 - 6*h - 31. Give b(-3).
-85
Let t(u) = -u**2 + 7*u - 3. Calculate t(8).
-11
Let d(g) = -132*g - 120. Calculate d(-1).
12
Let v(k) = -12*k - 24. Give v(-3).
12
Let p(n) = n**3 + 23*n**2 + 47*n + 4. Calculate p(-21).
-101
Let u(g) = -g**2 + 8*g + 92. Give u(15).
-13
Let f(b) = -b**3 - 11*b**2 + 3*b + 8. Give f(-11).
-25
Let l(m) = m - 14. Give l(17).
3
Let j(w) = 2*w**2 + 17*w + 5. Determine j(-6).
-25
Let u(f) = -f**3 + 7*f**2 - 8*f + 1. Give u(6).
-11
Let t(x) = -x - 12. Calculate t(-18).
6
Let t(b) = b**2 - 29*b - 62. What is t(30)?
-32
Let k(n) = -n**2 - 5*n + 3. Give k(1).
-3
Let t(i) = -i**2 - 14*i - 13. Calculate t(-12).
11
Let k(g) = g**3 - g**2 - 2*g - 7. Determine k(3).
5
Let c(q) = -q**3 - 7*q**2 - 5*q - 12. Calculate c(-6).
-18
Let n(r) = -r**3 + 2*r**2 + 5*r + 2. Determine n(5).
-48
Let l(k) = 5*k + 15. What is l(-4)?
-5
Let b(d) = -d**3 + 4*d**2 + 6*d - 13. Calculate b(5).
-8
Let w(f) = f**3 - 43*f**2 + 40*f + 71. Calculate w(42).
-13
Let t(i) = -26*i**3 - i**2 + 3*i - 2. Give t(1).
-26
Let a(v) = -v. What is a(2)?
-2
Let f(a) = -3*a - 5. Determine f(-4).
7
Let b(z) = z**3 + 8*z**2 - 47*z - 12. Calculate b(-12).
-24
Let x(p) = p**3 + p**2 - 9*p - 14. Determine x(-3).
-5
Let m(k) = 3*k - 9. Determine m(2).
-3
Let m(w) = -w**3 - 8*w**2 - 2. What is m(-8)?
-2
Let c(w) = w + 6. Give c(-2).
4
Let m(a) = 22*a**2 + 2*a - 1. What is m(1)?
23
Let h(z) = 3*z + 12. What is h(-4)?
0
Let y(a) = 3*a**3 - 7*a**2 - 5*a + 1. Calculate y(-1).
-4
Let y(l) = l**2 + 25*l + 122. Determine y(-5).
22
Let f(y) = -y**3 - 5*y**2 + y + 2. Calculate f(-5).
-3
Let y(p) = -p - 22. Determine y(13).
-35
Let b(i) = -2*i**2 - i + 13. Determine b(3).
-8
Let a(n) = -n**2 - 17*n - 45. Calculate a(-13).
7
Let y(s) = -s**2 - 14*s - 13. Give y(-13).
0
Let q(n) = -n**2 + 20*n + 157. Calculate q(26).
1
Let y(w) = -3*w**2 - 1. Determine y(-2).
-13
Let r(s) = -12*s + 22. Calculate r(2).
-2
Let v(n) = n**3 + 7*n**2 - 11*n - 16. Give v(-8).
8
Let g(s) = s**2 - 25*s + 61. Calculate g(22).
-5
Let r(p) = 4*p**2 - 88*p - 8. Give r(22).
-8
Let m(b) = b**2 - b - 2. Calculate m(-2).
4
Let h(a) = -a**2 + 12*a + 18. What is h(14)?
-10
Let x(s) = -s**2 - 13*s - 14. Calculate x(-11).
8
Let d(x) = x**3 + 7*x**2 + 5*x - 3. Calculate d(-6).
3
Let w(o) = -o**3 + 10*o**2 + 25*o + 1. Calculate w(12).
13
Let h(s) = s**3 + 8*s**2 + 5*s + 7. Give h(-7).
21
Let z(h) = h**3 + 13*h**2 - 12*h + 13. Give z(-14).
-15
Let v(r) = r**3 - 29*r**2 + 5. Determine v(29).
5
Let v(w) = 5*w - 64. What is v(2)?
-54
Let h(t) = 6*t - 2. Determine h(2).
10
Let s(v) = 8*v**3 + 6*v**2 + 9*v + 4. Determine s(-1).
-7
Let y(a) = -47*a**2 - 2*a - 2. Determine y(-1).
-47
Let u(h) = -h**2 + 3*h - 10. Determine u(0).
-10
Let q(h) = 2*h**3 - 2*h**2 - 3*h + 3. Calculate q(2).
5
Let a(c) = -c**3 + 7*c**2 + 22*c - 40. What is a(9)?
-4
Let z(h) = h**2 + 6*h + 3. Give z(-6).
3
Let n(i) = 25*i**2 - 2*i - 1. Give n(-1).
26
Let z(p) = -p - 18. Calculate z(-8).
-10
Let w(c) = -10*c - 153. Determine w(-14).
-13
Let x(y) = -y**2 + 7*y - 7. Determine x(6).
-1
Let h(w) = -w**2 - 7*w - 10. Calculate h(-6).
-4
Let p(b) = -9*b + 11. Give p(-7).
74
Let m(c) = -5*c + 31. Determine m(0).
31
Let b(m) = 11*m - 7. Determine b(-3).
-40
Let v(o) = 7*o. Determine v(-1).
-7
Let w(r) = 2*r + 68. Give w(-29).
10
Let c(o) = o**2 - 4*o - 2. Calculate c(2).
-6
Let u(r) = -r**2 - 8*r + 15. What is u(2)?
-5
Let m(o) = -8*o - 143. Determine m(-17).
-7
Let i(q) = -2*q**2 - 3*q. What is i(-2)?
-2
Let i(p) = -p**3 + 12*p**2 + p + 9. Give i(12).
21
Let l(v) = -v**2 + 5*v + 2. Calculate l(2).
8
Let y(m) = -m. Give y(2).
-2
Let b(m) = m**2 + 10*m + 15. Determine b(-6).
-9
Let m(z) = 6*z - 1. Calculate m(0).
-1
Let x(j) = -4*j**3 - j**2 + j + 1. Calculate x(-2).
27
Let q(l) = l**3 - 7*l**2 - 3*l + 9. Determine q(7).
-12
Let i(a) = 4*a**2 - 4*a - 14. What is i(-2)?
10
Let q(p) = -2*p - 3. Give q(0).
-3
Let r(j) = -30*j**3 + 2*j**2 + j. Calculate r(-1).
31
Let k(y) = -y**3 - 3*y**2 + 3*y - 3. Determine k(-4).
1
Let y(v) = v**3 + 44*v**2 - v - 45. Give y(-44).
-1
Let s(z) = 7*z**2 - 95*z + 45. What is s(13)?
-7
Let x(i) = 2*i**2 + 24*i + 63. Calculate x(-3).
9
Let i(m) = -m**3 - 13*m**2 - 20*m + 14. What is i(-11)?
-8
Let y(x) = x - 20. What is y(20)?
0
Let x(c) = -2*c**3 + 29*c**2 - 77*c + 12. What is x(11)?
12
Let n(t) = -t**2 - 10*t + 50. Determine n(5).
-25
Let u(n) = 4*n**3 + 2*n**2 + n + 8. Determine u(3).
137
Let q(m) = m - 3. What is q(-5)?
-8
Let f(q) = 49*q + 2053. Determine f(-42).
-5
Let r(c) = -c - 17. What is r(-11)?
-6
Let s(h) = h**3 + 8*h**2 - 8*h + 10. What is s(-9)?
1
Let b(h) = h**2 + 4*h - 21. Determine b(-6).
-9
Let v(x) = -x**3 + 4*x**2 + 8*x + 22. Determine v(6).
-2
Let h(q) = -q**2 + 20*q + 47. Calculate h(22).
3
Let i(g) = 4*g**2 - 52*g - 6. What is i(13)?
-6
Let f(x) = -x**3 - 7*x**2 - 15*x - 5. Determine f(-2).
5
Let a(l) = 9*l - 17. Calculate a(3).
10
Let v(c) = c**3 + 18*c**2 - 18*c + 24. Determine v(-19).
5
Let r(n) = -2*n**3 + n**2 + 6*n - 4. Give r(-2).
4
Let k(u) = 14*u**3 + 26*u**2 + 2*u + 2. Calculate k(-2).
-10
Let s(t) = -18*t - 141. Give s(-8).
3
Let i(a) = a - 12. Calculate i(7).
-5
Let l(i) = -5*i**2 - 2*i - 3. Calculate l(-2).
-19
Let o(w) = w**3 - 7*w**2 - 19*w + 13. Determine o(9).
4
Let g(n) = 24*n + 4. Give g(1).
28
Let f(o) = 2*o**3 + 2*o**2 + 7*o + 4. Calculate f(-4).
-120
Let q(k) = 17*k + 423. Give q(-24).
15
Let t(r) = 8*r**2 - 43*r + 23. What is t(5)?
8
Let d(n) = n**3 + 5*n**2 - 26. What is d(-5)?
-26
Let q(k) = k - 19. What is q(11)?
-8
Let l(f) = f**3 - 3*f**2 - 39*f - 7. Calculate l(8).
1
Let n(o) = o**3 - 8*o**2 + 18*o - 65. Give n(7).
12
Let f(r) = 2*r - 27. What is f(10)?
-7
Let s(c) = -c. Give s(-2).
2
Let v(s) = -s**3 - 9*s**2 - 11*s - 8. Calculate v(-8).
16
Let c(h) = 2*h**3 + 17*h**2 + 7*h - 12. Determine c(-8).
-4
Let w(g) = -g**2 + 1. What is w(-2)?
-3
Let z(t) = 4*t**2 - 11*t + 3. What is z(2)?
-3
Let k(c) = c**3 - 3*c**2 + c. Calculate k(2).
-2
Let u(k) = -51*k**2 - 4*k. What is u(-1)?
-47
Let n(i) = i**2 - 3*i - 5. Calculate n(5).
5
Let i(v) = -2*v**2 - 28*v + 1. What is i(0)?
1
Let w(l) = l**3 - 7*l**2 - 5*l - 6. Determine w(8).
18
Let v(a) = 3*a + 7. What is v(1)?
10
Let u(y) = -y + 1. Give u(1).
0
Let l(o) = 2*o**2 + 35*o - 4. What is l(-18)?
14
Let k(r) = -4*r**2 - 3*r + 7. Calculate k(-4).
-45
Let b(g) = 135*g**2 - 4*g + 4. Calculate b(1).
135
Let y(d) = d**2 + 12*d + 6. Determine y(-9).
-21
Let t(c) = -2*c**2 + 22*c - 45. Give t(9).
-9
L